 = -6*s**3 - 13*s**2 + 15*s - 17. What is l(-4)?
99
Let d(a) = -142*a**2 + 18*a - 15. Give d(1).
-139
Let j(l) = -3*l**2 + 36*l - 112. Calculate j(6).
-4
Let i(g) = -536*g + 1131. Determine i(2).
59
Let k(o) = -5*o + 10. Give k(18).
-80
Let f(b) = 9*b**2 - 24*b + 48. Give f(7).
321
Let f(u) = 1533*u - 6118. What is f(4)?
14
Let h(q) = -15109*q + 105759. Give h(7).
-4
Let g(l) = -l**2 - 14*l - 55. Calculate g(-4).
-15
Let i(j) = -105*j - 344. Determine i(-4).
76
Let j(g) = 13*g - 365. Calculate j(36).
103
Let d(j) = -j**3 + 8*j**2 + 7*j - 3. Calculate d(9).
-21
Let n(m) = -214*m + 422. Calculate n(2).
-6
Let a(z) = z**3 + 241*z**2 + 1409*z - 235. Give a(-235).
0
Let a(o) = o**2 - 97*o - 608. Calculate a(-6).
10
Let u(y) = 7*y**2 - 206*y - 825. Determine u(33).
0
Let u(m) = -18856*m + 150851. What is u(8)?
3
Let m(h) = 4*h**2 - 9*h + 27. What is m(2)?
25
Let m(b) = 2*b**3 + 40*b**2 + 64*b - 1028. Give m(-16).
-4
Let r(g) = g**3 + 2*g**2 - 47*g + 59. Calculate r(10).
789
Let l(w) = -672*w + 10087. Give l(15).
7
Let z(i) = 9*i**2 - 218*i - 436. Determine z(-2).
36
Let n(c) = -2*c**2 + 18*c + 56. Give n(15).
-124
Let l(s) = s - 5. What is l(27)?
22
Let b(o) = 29*o**2 - 518*o - 19. What is b(18)?
53
Let o(a) = -83*a**2 - 414*a - 5. Calculate o(-5).
-10
Let l(p) = -11*p + 63. Determine l(5).
8
Let q(t) = -t**3 + 51*t**2 + 107*t - 68. Determine q(53).
-15
Let y(c) = -7*c - 308. What is y(-44)?
0
Let z(y) = 8*y**3 + 2*y**2 - 15*y + 14. Determine z(1).
9
Let t(d) = d**3 + d**2 + 3*d - 16. What is t(5)?
149
Let v(k) = -14*k - 914. What is v(-63)?
-32
Let v(m) = -m**2 - 8*m + 7. Determine v(-11).
-26
Let v(z) = z**3 + 183*z**2 + 366*z + 734. Determine v(-181).
10
Let i(z) = 84*z + 6. Calculate i(-3).
-246
Let q(a) = -5*a**2 + 47*a + 285. What is q(-5)?
-75
Let r(i) = -3*i**2 - 29*i - 100. Give r(-11).
-144
Let t(s) = 2*s**2 + 464*s + 23047. Calculate t(-160).
7
Let k(z) = -z**3 + 33*z**2 - 199*z - 30. Determine k(25).
-5
Let w(g) = g**3 + g**2 - 25*g - 11. Determine w(-5).
14
Let j(f) = -81*f + 2276. Calculate j(27).
89
Let l(q) = 3*q**2 - 156*q + 353. Give l(49).
-88
Let j(x) = -2*x**2 + 17*x + 158. Determine j(14).
4
Let c(h) = 2*h**3 - 5*h**2 - 8*h - 7. Calculate c(-6).
-571
Let z(p) = p**2 - 63*p - 1344. Give z(80).
16
Let n(u) = u**3 + 28*u**2 - 60*u + 44. What is n(-30)?
44
Let h(j) = j**3 - 5*j**2 + 8*j + 8. What is h(7)?
162
Let i(u) = -2*u**2 + 93. Give i(-7).
-5
Let u(b) = -53*b - 3247. Calculate u(-61).
-14
Let d(v) = -13*v**2 - 95*v - 30. What is d(-4)?
142
Let z(l) = 52*l**2 - 5*l - 7. Give z(-1).
50
Let h(q) = -q**3 - 66*q**2 - 136*q - 365. Give h(-64).
147
Let h(d) = 110*d - 7586. What is h(69)?
4
Let x(a) = -143*a - 1179. Give x(-8).
-35
Let q(f) = -2*f**2 + 508*f + 21540. Give q(-37).
6
Let f(l) = -2*l**3 - 2*l**2 - 36*l - 72. Calculate f(-2).
8
Let h(q) = -q**3 - 26*q**2 + 919*q - 2. Give h(-46).
44
Let b(v) = -14*v**2 + 3*v - 1. What is b(2)?
-51
Let s(x) = 38*x - 504. Determine s(13).
-10
Let u(r) = 21*r**2 - 3*r - 4. What is u(-1)?
20
Let a(b) = -b**3 - 20*b**2 - 25*b - 45. Determine a(-19).
69
Let u(x) = -39*x**2 + 6*x + 20. Determine u(-3).
-349
Let s(m) = m**3 + 2*m**2 + 4*m + 65. Determine s(-6).
-103
Let a(v) = 2*v**2 + 70*v - 191. What is a(-38)?
37
Let q(v) = 2*v**3 - 4*v**2 - 78*v - 75. What is q(-1)?
-3
Let s(k) = -11*k**2 + 332*k + 272. What is s(31)?
-7
Let k(y) = -2*y**3 + 21*y**2 - 17*y + 82. What is k(9)?
172
Let p(k) = -2*k**2 - k - 48. Give p(-9).
-201
Let k(l) = l**2 - 5*l - 435. Determine k(-15).
-135
Let f(z) = -38*z + 1351. Give f(37).
-55
Let w(b) = -151*b + 1144. Determine w(14).
-970
Let a(o) = 5*o**3 - 256*o**2 - 200*o - 437. What is a(52)?
-21
Let c(g) = 48*g**2 - 1778*g + 65. Calculate c(37).
-9
Let y(a) = a**3 - 3*a**2 - 9*a + 32. What is y(0)?
32
Let q(h) = 4*h - 45. Calculate q(-2).
-53
Let z(s) = -s**2 - 1159*s - 6927. Give z(-6).
-9
Let w(q) = -q**2 + 12*q + 94. Give w(12).
94
Let a(x) = -x**3 + 48*x**2 + 39*x + 494. What is a(49)?
4
Let j(a) = -a**3 - 22*a**2 + 15*a - 124. Give j(-23).
60
Let y(m) = -41*m + 2441. Determine y(57).
104
Let i(v) = 8*v**2 + 28*v - 2. What is i(-4)?
14
Let a(d) = 27*d + 42. What is a(-6)?
-120
Let n(j) = -j**3 - j**2 + 4*j + 104. Calculate n(0).
104
Let t(d) = -d**3 + 3*d**2 + 23*d - 3. Determine t(-3).
-18
Let c(d) = 23*d - 94. Determine c(2).
-48
Let h(k) = -k**2 - 3*k + 395. Determine h(18).
17
Let g(t) = 46*t - 1512. Determine g(33).
6
Let s(m) = -m**2 - 40*m - 272. Determine s(-9).
7
Let v(s) = 39*s - 42. What is v(-2)?
-120
Let i(t) = -t**3 + 20*t**2 - 43*t + 6. Calculate i(19).
-450
Let u(t) = 1068*t + 7526. Determine u(-7).
50
Let a(q) = -18*q**2 - 126*q - 21. What is a(-5)?
159
Let n(w) = w**2 - 257*w - 4655. Give n(-17).
3
Let w(g) = -g**3 - 26*g**2 + 1351*g. Give w(-52).
52
Let n(i) = i**3 - 20*i**2 - 10*i + 565. Give n(19).
14
Let h(y) = 14*y + 547. Determine h(-35).
57
Let o(y) = 3*y**2 - 126*y + 370. Calculate o(3).
19
Let q(h) = 896*h + 8951. What is q(-10)?
-9
Let t(w) = 23*w**2 + 140*w + 7. Calculate t(-6).
-5
Let c(z) = z**3 - 2*z**2 - z + 7. What is c(-3)?
-35
Let n(g) = -g**2 - 48*g + 181. What is n(-52)?
-27
Let b(c) = -41*c**2 - 437*c - 270. Calculate b(-10).
0
Let p(y) = y**2 + 4*y - 688. What is p(22)?
-116
Let s(a) = -2*a**2 - 80*a + 2560. What is s(-61)?
-2
Let x(k) = -k**2 - 352*k + 11. What is x(0)?
11
Let y(a) = 5*a**2 + 9*a + 30. Determine y(-6).
156
Let c(g) = g**2 - 13*g - 146. What is c(22)?
52
Let o(u) = -u + 2. What is o(-1)?
3
Let c(x) = x**3 - 81*x**2 + 164*x - 6736. Determine c(80).
-16
Let r(t) = 3525*t - 162148. Give r(46).
2
Let o(k) = 11*k**2 + 97*k - 75. Calculate o(-9).
-57
Let a(j) = -j**2 - 120*j + 2636. What is a(19)?
-5
Let i(l) = 67*l**2 - 3151*l + 94. Give i(47).
0
Let h(r) = 77*r + 463. What is h(-6)?
1
Let o(g) = 62*g**3 + 28*g**2 + 6*g + 5. Determine o(-1).
-35
Let d(f) = -2*f**3 + 167*f**2 - 713*f + 161. Calculate d(79).
3
Let r(t) = -3*t**3 - 27*t**2 - 30*t - 61. Determine r(-8).
-13
Let j(m) = 3*m + 99. Give j(25).
174
Let i(v) = v**2 - 74*v + 646. Determine i(64).
6
Let a(d) = -3*d - 20. Determine a(-6).
-2
Let n(p) = p**3 + 2*p**2 - 11*p - 3. Determine n(0).
-3
Let m(o) = 3843*o - 23210. Give m(6).
-152
Let m(v) = -710*v**2 - 4966*v + 20. Determine m(-7).
-8
Let z(c) = -3*c**2 - 30*c + 3. Determine z(-13).
-114
Let i(b) = 64*b - 267. Give i(6).
117
Let w(f) = f**2 - 14*f + 1. Calculate w(14).
1
Let s(x) = 5*x**2 + 148*x - 1603. Determine s(-38).
-7
Let k(h) = h**3 + 31*h**2 + 36*h + 129. What is k(-30)?
-51
Let z(p) = 4*p + 227. Give z(-23).
135
Let u(x) = -1392*x - 8487. Give u(-6).
-135
Let i(w) = -3*w + 99. What is i(37)?
-12
Let z(r) = -3*r**2 - 40*r - 37. Determine z(-12).
11
Let c(a) = -a**3 - 47*a**2 - 89*a + 21. What is c(-45)?
-24
Let b(p) = -464*p - 3710. Give b(-8).
2
Let g(o) = -o**2 - 31*o - 63. Determine g(-2).
-5
Let k(i) = -i**3 + 19*i**2 + 21*i - 19. Give k(20).
1
Let v(w) = -258*w + 510. Give v(2).
-6
Let j(s) = -2*s**3 + 34*s**2 - 28*s - 79. Give j(16).
-15
Let f(c) = -358*c + 1427. Determine f(4).
-5
Let c(f) = 12*f + 13. Calculate c(5).
73
Let l(v) = -v**2 - 34*v + 927. What is l(18)?
-9
Let i(j) = 285*j + 37618. Calculate i(-132).
-2
Let j(d) = -19*d + 31. Calculate j(2).
-7
Let j(z) = -3*z**2 + 6*z - 35. Determine j(-9).
-332
Let h(y) = 9*y**3 - 11*y**2 + 5*y - 3. Calculate h(2).
35
Let f(z) = z**3 - 9*z**2 + 142*z - 370. What is f(3)?
2
Let k(g) = -g**3 - 16*g**2 - 11*g + 52. Give k(-3).
-32
Let g(p) = 85*p**2 - 27*p + 23. What is g(3)?
707
Let h(n) = 597*n - 34653. Give h(58).
-27
Let y(t) = -t**3 - t**2 + 6*t + 3. Calculate y(-4).
27
Let k(x) = -x + 58. What is k(13)?
45
Let o(q) = q**2 - 75*q + 1115. Determine o(21).
-19
Let b(i) = -240*i + 488. What is b(2)?
8
Let s(y) = y**3 + 4*y**2 + y + 7. Give s(-5).
-23
Let i(y) = 2*y**2 - 407*y - 11. Determine i(0).
-11
Let d(l) = -4*l**3 + 412*l**2 - 5*l + 534. Determine d(103).
19
Let k(w) = -9*w**2 + 7. Determine k(4).
-137
Let t(a) = 522*a - 14599. Calculate t(28).
17
Let f(i) = -38*i - 5. Give f(0).
-5
Let t(k) = 2*k**3 - 44*k**2 + 12*k + 626. Give t(21).
-4
Let y(k) = -k**2 - 147*k + 5109. Give y(29).
5
Let c(z) = -3*z**2 - 539*z + 1084. Calculate c(2).
-6
Let p(k) = k**3 - 42*k**2 + 289*k - 10174. What is p(41)?
-6
Let n(o) = o**3 - 38*o*